the remainder when 156361 is divided by 51598?
1567
Calculate the remainder when 5371789 is divided by 23664.
61
What is the remainder when 15899 is divided by 1594?
1553
What is the remainder when 173715 is divided by 24812?
31
Calculate the remainder when 560989 is divided by 991.
83
Calculate the remainder when 93394318 is divided by 372.
370
Calculate the remainder when 2102803989 is divided by 24.
21
What is the remainder when 32822023 is divided by 743?
741
What is the remainder when 92952 is divided by 260?
132
What is the remainder when 2085704 is divided by 1756?
1332
What is the remainder when 3663017 is divided by 3?
2
Calculate the remainder when 2275954 is divided by 65.
44
Calculate the remainder when 5008135 is divided by 28.
27
What is the remainder when 4305206 is divided by 570?
566
What is the remainder when 141915 is divided by 2540?
2215
What is the remainder when 2701615 is divided by 1350802?
11
Calculate the remainder when 38607332 is divided by 6057.
14
What is the remainder when 398824100 is divided by 185?
175
Calculate the remainder when 185155 is divided by 23130.
115
Calculate the remainder when 351171 is divided by 258.
33
Calculate the remainder when 202725 is divided by 334.
321
What is the remainder when 10194745 is divided by 59969?
15
What is the remainder when 22528 is divided by 1383?
400
Calculate the remainder when 711438 is divided by 153.
141
Calculate the remainder when 956477 is divided by 6795.
5177
What is the remainder when 16654 is divided by 3099?
1159
What is the remainder when 37036694 is divided by 12?
2
What is the remainder when 4388716 is divided by 238?
234
Calculate the remainder when 3104052 is divided by 258.
54
Calculate the remainder when 2492799 is divided by 168.
15
Calculate the remainder when 910600 is divided by 3108.
3064
Calculate the remainder when 29154 is divided by 14339.
476
What is the remainder when 809197 is divided by 238?
235
Calculate the remainder when 18843984 is divided by 9421992.
0
What is the remainder when 86855 is divided by 2068?
2067
Calculate the remainder when 1787826 is divided by 351.
183
What is the remainder when 4463264 is divided by 391?
390
What is the remainder when 217334 is divided by 478?
322
Calculate the remainder when 5878894 is divided by 1469718.
22
Calculate the remainder when 3584509 is divided by 831.
406
What is the remainder when 4417026 is divided by 294?
264
What is the remainder when 551171 is divided by 553?
383
What is the remainder when 88873 is divided by 803?
543
Calculate the remainder when 2692155 is divided by 897379.
18
What is the remainder when 13553555 is divided by 1494?
1481
What is the remainder when 229351 is divided by 596?
487
What is the remainder when 895235 is divided by 111901?
27
What is the remainder when 22525 is divided by 10008?
2509
Calculate the remainder when 484462 is divided by 529.
427
Calculate the remainder when 694238398 is divided by 6515.
6513
Calculate the remainder when 344963 is divided by 1415.
1118
What is the remainder when 2528953 is divided by 1420?
1353
What is the remainder when 29151 is divided by 12836?
3479
What is the remainder when 65348 is divided by 21662?
362
What is the remainder when 40681 is divided by 1631?
1537
What is the remainder when 52710822 is divided by 17570273?
3
Calculate the remainder when 139010159 is divided by 1380.
1379
Calculate the remainder when 134676 is divided by 874.
80
What is the remainder when 8216443 is divided by 2054107?
15
Calculate the remainder when 753699 is divided by 752253.
1446
Calculate the remainder when 320475 is divided by 319715.
760
What is the remainder when 1667602 is divided by 348?
334
What is the remainder when 26413995 is divided by 358?
39
Calculate the remainder when 9953 is divided by 2748.
1709
Calculate the remainder when 1432289 is divided by 477317.
338
What is the remainder when 3511461 is divided by 877859?
25
What is the remainder when 4437292 is divided by 1109321?
8
Calculate the remainder when 9750083 is divided by 13158.
5
What is the remainder when 189299 is divided by 1504?
1299
Calculate the remainder when 7707135 is divided by 12.
3
Calculate the remainder when 1154711 is divided by 16980.
71
What is the remainder when 1945051 is divided by 113?
95
Calculate the remainder when 9224054 is divided by 164715.
14
What is the remainder when 3159913 is divided by 315988?
33
Calculate the remainder when 21872898 is divided by 874915.
23
Calculate the remainder when 37181545 is divided by 10743.
22
What is the remainder when 290269 is divided by 489?
292
What is the remainder when 54224629 is divided by 3608?
3605
What is the remainder when 896053 is divided by 298680?
13
What is the remainder when 482703 is divided by 160855?
138
Calculate the remainder when 80673 is divided by 2242.
2203
What is the remainder when 12608442 is divided by 3152108?
10
Calculate the remainder when 374575 is divided by 3238.
2205
Calculate the remainder when 1612931265 is divided by 1284.
1281
Calculate the remainder when 114197975 is divided by 408.
407
What is the remainder when 554060 is divided by 5330?
5070
What is the remainder when 1632379557 is divided by 11233?
11230
What is the remainder when 1000043 is divided by 90910?
33
Calculate the remainder when 5388122 is divided by 2066.
2060
What is the remainder when 5505366 is divided by 367?
366
Calculate the remainder when 3171356 is divided by 26.
6
Calculate the remainder when 7921726 is divided by 24.
22
Calculate the remainder when 44734236 is divided by 26707.
11
What is the remainder when 4817259 is divided by 682?
293
What is the remainder when 992577 is divided by 6016?
5953
What is the remainder when 3382913 is divided by 563807?
71
Calculate the remainder when 49491 is divided by 6551.
3634
Calculate the remainder when 102871636 is divided by 1418.
1408
What is the remainder when 11766 is divided by 52?
14
Calculate the remainder when 8378034 is divided by 616.
434
What is the remainder when 113982 is divided by 6934?
3038
What is the remainder when 271184 is divided by 134980?
1224
What is the remainder when 14807442 is divided by 4935809?
15
Calculate the remainder when 45258743 is divided by 376.
375
Calculate the remainder when 24531362 is divided by 8177096.
74
Calculate the remainder when 13909213 is divided by 15.
13
Calculate the remainder when 19090350 is divided by 4772587.
2
Calculate the remainder when 1960177 is divided by 1960147.
30
What is the remainder when 17972743 is divided by 6479?
6476
Calculate the remainder when 3533695 is divided by 300.
295
What is the remainder when 4461588 is divided by 2039?
256
What is the remainder when 86997 is divided by 21539?
841
What is the remainder when 65242 is divided by 12221?
4137
Calculate the remainder when 387364 is divided by 128531.
1771
Calculate the remainder when 1180234 is divided by 2011.
1788
Calculate the remainder when 3414250 is divided by 64.
42
Calculate the remainder when 2560798 is divided by 1259.
1251
What is the remainder when 1967890 is divided by 406?
8
What is the remainder when 1441231 is divided by 121?
0
What is the remainder when 777696 is divided by 77768?
16
Calculate the remainder when 810166 is divided by 299.
175
Calculate the remainder when 1932329 is divided by 644104.
17
What is the remainder when 9950857 is divided by 167?
162
What is the remainder when 22630 is divided by 381?
151
What is the remainder when 1555520 is divided by 5677?
22
What is the remainder when 16072222 is divided by 1706?
1702
What is the remainder when 1002848 is divided by 3784?
88
Calculate the remainder when 1251398 is divided by 417124.
26
Calculate the remainder when 7476 is divided by 2410.
246
What is the remainder when 9839395 is divided by 9461?
9416
What is the remainder when 102184 is divided by 120?
64
Calculate the remainder when 7406121 is divided by 40.
1
What is the remainder when 3798518 is divided by 23?
22
Calculate the remainder when 101077161 is divided by 9.
6
Calculate the remainder when 3324130 is divided by 18.
16
Calculate the remainder when 393839292 is divided by 13.
2
What is the remainder when 42085606 is divided by 35?
31
Calculate the remainder when 848618 is divi